or of 2599648 and 1928.
8
Calculate the greatest common factor of 363 and 60969.
3
Calculate the highest common factor of 1168 and 4860048.
1168
Calculate the highest common factor of 137547 and 2077995.
1479
What is the greatest common factor of 238 and 7713070?
34
What is the highest common factor of 2560 and 132820?
20
What is the greatest common factor of 481338 and 978406?
3146
Calculate the greatest common factor of 102630 and 1272480.
330
Calculate the greatest common divisor of 4437 and 884866473.
4437
What is the highest common divisor of 1339455 and 213915?
195
What is the highest common factor of 4986175 and 100?
25
Calculate the greatest common divisor of 39 and 22188816.
39
What is the highest common factor of 10365 and 368452947?
2073
What is the greatest common factor of 5567564 and 98348?
92
What is the greatest common factor of 154258 and 1012798?
698
Calculate the greatest common divisor of 67136850 and 66.
66
Calculate the highest common factor of 120 and 22029132.
12
Calculate the highest common factor of 858912 and 134826.
138
Calculate the highest common divisor of 528 and 93464640.
48
Calculate the highest common divisor of 2880 and 843687.
9
Calculate the highest common divisor of 414 and 2537694.
18
What is the highest common factor of 1387 and 151037?
73
Calculate the highest common factor of 2474350 and 629.
17
Calculate the greatest common divisor of 1318806 and 62730.
738
Calculate the greatest common divisor of 504723 and 711477.
6081
Calculate the greatest common divisor of 2159887 and 5.
1
What is the greatest common factor of 1687017 and 1160?
29
Calculate the greatest common factor of 29662957 and 209425.
8377
Calculate the greatest common divisor of 2938265 and 369.
41
What is the highest common divisor of 67262908 and 20?
4
What is the highest common factor of 612 and 818516?
68
Calculate the highest common divisor of 9434206 and 2.
2
What is the highest common divisor of 7379 and 602650309?
7379
Calculate the greatest common factor of 294519976 and 3304.
472
What is the greatest common factor of 2616 and 162060?
12
What is the highest common divisor of 969545 and 176185?
1055
Calculate the highest common factor of 23095905 and 490.
245
What is the highest common factor of 10046461 and 6962?
59
What is the greatest common divisor of 123455907 and 27?
27
What is the greatest common divisor of 340263 and 6435?
99
Calculate the highest common divisor of 2290781 and 511969.
3737
Calculate the highest common factor of 24 and 1165359474.
6
Calculate the greatest common divisor of 2828768 and 32264.
872
Calculate the highest common divisor of 814259 and 74227.
373
What is the greatest common divisor of 496055485 and 185?
185
What is the greatest common divisor of 2204598 and 2112?
66
What is the greatest common divisor of 837462 and 63887?
29
Calculate the highest common divisor of 60356122 and 284658.
8626
Calculate the greatest common divisor of 16793 and 13676699.
2399
Calculate the greatest common factor of 1200994 and 6411.
2137
What is the highest common factor of 1248 and 4235244?
156
What is the highest common divisor of 1717248 and 1600?
64
Calculate the highest common divisor of 30885 and 2164009.
2059
Calculate the greatest common divisor of 63114 and 10920606.
942
Calculate the greatest common factor of 105260 and 395002.
554
Calculate the greatest common divisor of 238 and 98668.
34
Calculate the greatest common factor of 21775000 and 32.
8
Calculate the greatest common factor of 12828 and 9732.
12
What is the greatest common divisor of 11584243 and 20339?
473
Calculate the greatest common divisor of 126 and 26951694.
42
Calculate the greatest common divisor of 13164 and 215109633.
3291
Calculate the greatest common divisor of 4901770 and 1648.
206
Calculate the greatest common divisor of 3136 and 513079.
49
Calculate the highest common factor of 12 and 13781442.
6
Calculate the greatest common factor of 18970 and 885086.
542
Calculate the greatest common factor of 16215 and 6188725.
5405
What is the greatest common factor of 4433 and 2600559?
403
What is the greatest common factor of 18102 and 1875804?
42
What is the highest common divisor of 509852 and 280224?
3892
What is the greatest common factor of 1332073 and 4298?
307
What is the highest common divisor of 317141423 and 83?
83
Calculate the highest common divisor of 720 and 141820.
20
What is the greatest common factor of 247162 and 4?
2
Calculate the greatest common divisor of 152637977 and 30995.
6199
What is the highest common divisor of 492844 and 888536?
1012
What is the greatest common factor of 3689709 and 6?
3
Calculate the greatest common factor of 138584 and 18326.
34
Calculate the greatest common divisor of 164706 and 161214.
582
Calculate the highest common factor of 570878 and 6066.
674
Calculate the highest common divisor of 669722 and 57.
1
Calculate the highest common divisor of 5070 and 1192648210.
1690
What is the highest common factor of 6530843 and 52033?
61
Calculate the highest common factor of 88 and 2162028.
44
Calculate the greatest common factor of 29414 and 10967.
11
What is the greatest common divisor of 70932 and 41891?
257
Calculate the greatest common divisor of 622530324 and 16690.
3338
Calculate the greatest common factor of 546 and 815653202.
182
What is the greatest common divisor of 733860 and 9540?
180
What is the highest common factor of 2922360 and 23430?
2130
What is the highest common divisor of 1766126 and 40?
2
Calculate the greatest common divisor of 2442422 and 146418.
2122
Calculate the highest common divisor of 315692 and 204568.
52
What is the highest common divisor of 12698 and 2504978?
14
What is the greatest common factor of 11578765 and 11?
11
Calculate the highest common factor of 6027 and 3071761.
2009
What is the highest common factor of 5441874 and 11926?
134
Calculate the greatest common factor of 1372 and 6436.
4
What is the highest common factor of 20 and 31653970?
10
Calculate the highest common divisor of 36030 and 11970.
30
What is the highest common divisor of 4656123 and 63?
9
Calculate the highest common factor of 14678600 and 29440.
920
What is the greatest common factor of 10274715 and 24684?
6171
Calculate the highest common divisor of 64 and 6901792.
32
What is the greatest common divisor of 1553 and 1298179101?
1553
Calculate the greatest common divisor of 263560 and 792.
88
Calculate the greatest common factor of 11914 and 1700482.
322
Calculate the greatest common divisor of 8136 and 10683180.
36
What is the highest common divisor of 14644140 and 210?
210
What is the highest common factor of 965909 and 189?
7
What is the highest common factor of 21288 and 53138396?
3548
Calculate the highest common divisor of 6161 and 6370373.
101
Calculate the highest common factor of 231312 and 330.
6
What is the highest common factor of 126819 and 10791?
99
What is the highest common divisor of 4209 and 850678?
23
Calculate the greatest common divisor of 34 and 37012774.
34
Calculate the greatest common factor of 44 and 12561362.
22
What is the highest common factor of 736260 and 44?
4
What is the highest common factor of 5770 and 412500185?
2885
Calculate the greatest common factor of 870081467 and 514.
257
What is the highest common divisor of 2333916 and 117?
117
What is the greatest common factor of 8970 and 1233030?
690
Calculate the highest common divisor of 9800 and 32648700.
4900
Calculate the highest common divisor of 7418576 and 6039.
671
Calculate the greatest common factor of 39078 and 23517942.
1002
Calculate the highest common divisor of 28749513 and 7521.
327
What is the greatest common divisor of 3780 and 455580?
180
Calculate the greatest common factor of 4585320 and 105.
15
What is the highest common factor of 5640872 and 1152388?
4484
Calculate the greatest common factor of 33976 and 1910733794.
8494
Calculate the greatest common factor of 257009650 and 2020.
1010
What is the greatest common divisor of 177888 and 18727944?
2616
What is the highest common divisor of 1368 and 10058562?
342
Calculate the greatest common factor of 4288116 and 6643896.
5964
Calculate the highest common divisor of 454 and 114181454.
454
Calculate the greatest common divisor of 27408 and 